 k - u - 33 + 10. What is the remainder when 536 is divided by k?
8
Let a(s) = -s**3 - 16*s**2 + 56*s + 5. Calculate the remainder when 66 is divided by a(-19).
18
Let g(r) = -r**2 - 27*r - 13. Let n be g(-22). Let l = n - 64. Calculate the remainder when l is divided by 7.
5
Let n(r) = r**3 - 8*r**2 - 18*r - 5. Let v = -2 - -6. Suppose 2*d = w - 0*w + 89, -5*d + 224 = -v*w. Calculate the remainder when d is divided by n(10).
14
Suppose 2*o = 8*o - 120. Suppose h = -a - 2*a + 7, 0 = 5*h + 25. Suppose -148 = -a*s + 8. Calculate the remainder when s is divided by o.
19
Suppose 8 = 4*j - 0. Suppose -l = -j*l + 42. Let i(k) = k + 22. Calculate the remainder when l is divided by i(-7).
12
Let l = -122 + 232. Suppose 15 + 27 = 2*z - 4*h, 5*h = 5*z - l. What is the remainder when z is divided by 13?
10
Let u(k) = 21*k - 2. Let h be u(3). Let b = -41 + h. Calculate the remainder when 99 is divided by (b + -17)*50/6.
24
Suppose -q = -5*v + 109, 0 = 5*v - 2*q - 20 - 93. Let n = -118 + 123. Calculate the remainder when v is divided by n.
1
Let z(o) = 13*o**2 - 2*o - 7. Calculate the remainder when z(-3) is divided by 46.
24
Suppose 5*y = -11*y + 16. Let r = -102 - -107. What is the remainder when r is divided by y?
0
Suppose 80 = -5*j + 45*j. What is the remainder when 70 is divided by j?
0
Let r = -81 - -183. Suppose 32 = x - 59. What is the remainder when r is divided by ((-22)/(-77))/(1/x)?
24
Let h be (20/6)/(4/(-6)). Let d be (12/9)/(h/(-15)). Calculate the remainder when (21/2)/(d/16) is divided by 11.
9
Suppose 2*h + 5*y + 2 = 6*h, 0 = -4*h + y + 10. Let z = h - 5. Calculate the remainder when 3 - (15 + z)*-1 is divided by 6.
4
Let u = 544 + -481. Calculate the remainder when 1132 is divided by u.
61
Let l(q) = 2*q**3 - 3*q**2 - 4*q - 15. What is the remainder when l(5) is divided by 47?
46
Suppose -4*c + 9*c = 0, 2*y + c = 0. Suppose 2*b + 9 - 1 = y. What is the remainder when 9 is divided by (-4 + b/(-4))*-1?
0
Suppose 3*r + 3*z = -z + 13, -r = 5*z - 8. Suppose -r*a = 2*m - 16 - 1, 3*a + m - 16 = 0. What is the remainder when 7 is divided by a?
2
Let s = -15 - -23. Let b(i) = 3*i - 2. What is the remainder when b(s) is divided by 10?
2
Let d(r) = r**3 + 9*r**2 + 22*r - 56. What is the remainder when d(5) is divided by 193?
18
Let v be -1 + 1 - (-3 + 2). Let s be ((-1)/v)/(2 + -1). What is the remainder when -44*(-1 - s - 1) is divided by 15?
14
Suppose -96 = -d + w - 6*w, d + 3*w = 88. Suppose 4*h = 2*k - 22, -2*h = 15*k - 12*k - 33. What is the remainder when d is divided by k?
10
Suppose 0 = -z + 3*z + 466. Let i = -127 - z. Suppose -s = -4*s - 3, 3*x - i = -5*s. Calculate the remainder when x is divided by 10.
7
Suppose -3*p - 8*z = -11*z - 777, 4*p = 5*z + 1040. Calculate the remainder when p is divided by 16.
15
Calculate the remainder when 224 is divided by 128/160 + (-56)/(-5).
8
Calculate the remainder when 2/3 + 13/3 is divided by 9 + (2 - -13) + -19.
0
Let k = 0 - -12. Let q(d) = -k*d + 3 - 9*d + 19*d. What is the remainder when 17 is divided by q(-3)?
8
Let t = -545 + 615. Calculate the remainder when t is divided by 36.
34
Suppose 3*x = -x + 2*f + 26, 0 = -4*x - 2*f + 14. Let v be (x + -1)*(-9 + 6). What is the remainder when 35 is divided by ((-32)/v - 2)*27?
17
Let w(r) = r**3 - 9*r**2 + 18*r + 21. Calculate the remainder when 77 is divided by w(6).
14
Let r = -22642 + 22655. Suppose -2*p = -4*p + 3*z - 19, -2*z + 16 = -3*p. Let t(h) = 13*h**2 + h - 1. What is the remainder when t(p) is divided by r?
10
Let r = 9181 - 9158. Let m(j) = 4*j**2 - 7*j + 3. Calculate the remainder when m(5) is divided by r.
22
Suppose 5*z + 5*j + 10 = 0, -31 = -4*z + 3*j - 4. Suppose -2*l - 60 = 264. Calculate the remainder when 4/(-10) + l/(-30) is divided by z.
2
Let h = 96 - 20. Suppose 10*b - 134 - 66 = 0. Calculate the remainder when h is divided by b.
16
Suppose -3 - 35 = -2*z. Let v(w) = -19*w - 21. Calculate the remainder when v(-7) is divided by z.
17
Let d = -210 + 249. Suppose -4*c = 3*u, -4*u + 2*c = 4*c. Suppose -5*o + 6 + 44 = u. Calculate the remainder when d is divided by o.
9
Let j be (1 + 1)*315/(-30). Let b be (-8)/6*j/(-2). Let g(n) = -n**2 - 20*n + 7. What is the remainder when g(b) is divided by 23?
22
Let m(q) = q**2 + 6 + 2*q**3 - q**3 - 4*q**2 - 3*q. Suppose -5*l + o + 21 - 1 = 0, 0 = -5*o. Calculate the remainder when 17 is divided by m(l).
7
Let p = -3 + 26. Let m(k) = -k - 5. Let l be m(-7). Suppose -r - 5*b + l + 2 = 0, -3*r = -2*b - 29. What is the remainder when p is divided by r?
5
Suppose -k - 5 = -2. Let f be 784/20 - k/(-15). Let i = f - 27. Calculate the remainder when 47 is divided by i.
11
Let b(d) = 2*d**2 + 8*d - 105. Calculate the remainder when b(-13) is divided by 45.
39
Suppose 0 = h - y - 3*y - 156, -3*y = 3*h - 468. Calculate the remainder when h is divided by 46.
18
What is the remainder when ((-3)/9 + 1)*33*13 is divided by 18?
16
Suppose -2*d + 68 = 3*d + 3*g, 3*d + 3*g - 42 = 0. Let f = -9 + 12. Suppose 4*r - 24 = f*r. What is the remainder when r is divided by d?
11
Let n(f) = -4*f + 55. Let a(x) = x**3 - 9*x**2 - 7*x. Let r be a(10). Suppose -4*z + 2 + r = 0. What is the remainder when n(6) is divided by z?
7
Let m be (68/(-5))/((-8)/20). Let a = m + 23. Suppose 17*b - 23*b + 180 = 0. Calculate the remainder when a is divided by b.
27
Let v(l) = -l**3 - 8*l**2 - l - 7. Let x be v(-8). Suppose 4*p = 4, 0 = q - p - 2*p + x. Calculate the remainder when q is divided by 1.
0
Let w = -712 - -732. What is the remainder when 50 is divided by w?
10
What is the remainder when -20*(-3)/12 - -69 is divided by 29?
16
Let i be (-14 + 15)/(1*(-1)/17). Let z = i + 30. What is the remainder when 34 is divided by z?
8
Let m be (0 + 1)*(0 + 0 - -4). Suppose -50 = 3*i - m*i. What is the remainder when i is divided by 13?
11
Suppose -a - 2 + 4 = 0. Suppose -a*m + 0*m - k = -4, -4*m + 20 = -k. What is the remainder when (-246)/(-22) - (60/(-66))/(-5) is divided by m?
3
Let p = 417 - 200. Calculate the remainder when p is divided by 20.
17
Let b = 530 - 525. What is the remainder when 33/3 - (-1)/1 is divided by b?
2
Let n = -5 - -3. Let w = n + 7. Calculate the remainder when w is divided by 2.
1
Let b(p) = -2*p**3 - 3*p**2 + 5*p + 3. Suppose -s + 155 = 55. Suppose -3*u - u = -s. What is the remainder when u is divided by b(-3)?
10
Suppose -10*z = -0*z - 20. Suppose -z*r = 5 - 35. Suppose 4*v - 24 = 12. What is the remainder when r is divided by v?
6
What is the remainder when 121 is divided by 1004/28 - (-20)/140?
13
Let y = 38 - -10. Calculate the remainder when 7 + 4 + -8 + y is divided by 11.
7
Suppose 23*f - 185 = 988. Calculate the remainder when f is divided by 8.
3
Suppose 0 = 5*k + 3*p - 183, -k + p + 47 = -p. Suppose k = -3*z + 90. Calculate the remainder when 41 is divided by z.
7
Let h = 1131 + -1116. Calculate the remainder when 45 is divided by h.
0
Let i(p) = p**3 - 5*p**2 + 3*p + 5. Suppose 3*k - h = 23 + 10, 4*k - 49 = 3*h. Suppose 2*b - k = -2. Calculate the remainder when 2 is divided by i(b).
0
Suppose -4*n - 4*h + 53 = -5*h, 3*n - 3*h - 33 = 0. Let z = n - -105. What is the remainder when z is divided by 40?
39
Calculate the remainder when ((-793)/26)/((-1)/6) is divided by 67.
49
What is the remainder when 101 is divided by ((-40)/(-25) + 1)*10?
23
Let o(b) = 18*b**2 + 5*b - 2. Let v be o(2). Let p = v - 29. What is the remainder when p is divided by (-80)/(-6) + (-2)/6?
12
Let x = 1 - -5. Let g(h) = 501*h - 3000. What is the remainder when g(6) is divided by x?
0
Suppose -3 = 3*o + 3. Let z = 79 + -76. Calculate the remainder when (o - z/(-3))*-58 is divided by 20.
18
Suppose -a + 1 = -20. Suppose -15*h + 10*h = 310. Let r = a - h. Calculate the remainder when r is divided by 28.
27
Let w = 1414 - 736. Calculate the remainder when w is divided by 85.
83
Suppose r = -4*b + 6 + 24, 0 = -4*r - 2*b + 134. Suppose r*l - 38*l + 56 = 0. Calculate the remainder when 69 is divided by l.
13
Let z = -2 - -4. Suppose -60 = z*w + 3*w. Let m = w + 21. Calculate the remainder when 34 is divided by m.
7
Let c(i) = -4*i - 1. Suppose 2*n = u + 7, 2*n - 4*n = u + 15. Let f = -16 - u. Calculate the remainder when 37 is divided by c(f).
18
Let p(j) = j**3 + 35*j**2 - 3*j - 86. What is the remainder when p(-35) is di